{"id":3535,"date":"2024-05-16T13:15:27","date_gmt":"2024-05-16T13:15:27","guid":{"rendered":"https:\/\/campeanunation.ro\/?post_type=product&#038;p=3535"},"modified":"2024-05-16T13:57:57","modified_gmt":"2024-05-16T13:57:57","slug":"pizza-quattro-stagioni-600g","status":"publish","type":"product","link":"https:\/\/campeanunation.ro\/index.php\/product\/pizza-quattro-stagioni-600g\/","title":{"rendered":"Pizza Quattro Stagioni 600g"},"content":{"rendered":"<ul>\n<li><strong>Pizza Quattro Stagioni:<\/strong> \ud83c\udf44 O simfonie de arome cu ciuperci, \u0219unc\u0103, anghinare \u0219i m\u0103sline, ideal\u0103 pentru cei care doresc s\u0103 se bucure de diverse ingrediente \u00eentr-o singur\u0103 felie.<\/li>\n<\/ul>\n","protected":false},"excerpt":{"rendered":"<p>Contine: sos, sunca, salam, ciuperci, masline, mozzarella, aghinare<\/p>\n","protected":false},"featured_media":3536,"comment_status":"open","ping_status":"closed","template":"","meta":[],"product_brand":[],"product_cat":[26],"product_tag":[],"class_list":{"0":"post-3535","1":"product","2":"type-product","3":"status-publish","4":"has-post-thumbnail","6":"product_cat-preparate-din-carne","8":"first","9":"instock","10":"shipping-taxable","11":"purchasable","12":"product-type-simple"},"_links":{"self":[{"href":"https:\/\/campeanunation.ro\/index.php\/wp-json\/wp\/v2\/product\/3535","targetHints":{"allow":["GET"]}}],"collection":[{"href":"https:\/\/campeanunation.ro\/index.php\/wp-json\/wp\/v2\/product"}],"about":[{"href":"https:\/\/campeanunation.ro\/index.php\/wp-json\/wp\/v2\/types\/product"}],"replies":[{"embeddable":true,"href":"https:\/\/campeanunation.ro\/index.php\/wp-json\/wp\/v2\/comments?post=3535"}],"wp:featuredmedia":[{"embeddable":true,"href":"https:\/\/campeanunation.ro\/index.php\/wp-json\/wp\/v2\/media\/3536"}],"wp:attachment":[{"href":"https:\/\/campeanunation.ro\/index.php\/wp-json\/wp\/v2\/media?parent=3535"}],"wp:term":[{"taxonomy":"product_brand","embeddable":true,"href":"https:\/\/campeanunation.ro\/index.php\/wp-json\/wp\/v2\/product_brand?post=3535"},{"taxonomy":"product_cat","embeddable":true,"href":"https:\/\/campeanunation.ro\/index.php\/wp-json\/wp\/v2\/product_cat?post=3535"},{"taxonomy":"product_tag","embeddable":true,"href":"https:\/\/campeanunation.ro\/index.php\/wp-json\/wp\/v2\/product_tag?post=3535"}],"curies":[{"name":"wp","href":"https:\/\/api.w.org\/{rel}","templated":true}]}}